 - m = -n. Let q(u) = u**2 - 7*u + 3. What is the units digit of q(n)?
3
Let u = -8 - -70. What is the units digit of u?
2
Let c(g) = -10*g + 3. Let z = 8 + -13. What is the tens digit of c(z)?
5
Suppose -4*g + 6*g + 4 = 0, -2*q = -g - 158. Let u = q - 52. What is the units digit of u?
6
Suppose 4*k - 44 = 116. Suppose 2*q + 0*q = k. Suppose -d + q = 3*d. What is the units digit of d?
5
Suppose 2*b - 5*b + 3*o + 1089 = 0, 4*b = -5*o + 1416. What is the units digit of b?
9
Suppose 0 = -4*k + 14 + 42. What is the tens digit of k?
1
Let f(z) = 3*z + 3. Let t(k) = -16*k - 15. Let g(y) = -22*f(y) - 4*t(y). Let l be g(-4). Suppose 2*w = -l*w + 4. What is the units digit of w?
1
Let b(z) = -z - 1. Let v be b(-3). Let t be v/3 + 1/3. Suppose 3*q - 7 = -t. What is the units digit of q?
2
Suppose z = 3*g - 3, -4*z = -9*z - 15. Let b = g - -1. Suppose -2*s - 2*i = -13 + b, -4*s - i = -9. What is the units digit of s?
1
Let d be ((-3)/3 - -6) + 0. Let x be (-18)/(-4)*(1 + d). Suppose 5*b - 52 + 13 = -g, -5*b = -2*g - x. What is the units digit of b?
7
Let l(i) be the second derivative of 3*i + 0*i**2 + 0 + 1/2*i**4 - 1/20*i**5 - 2/3*i**3. What is the units digit of l(5)?
5
Suppose 4*n - 3*n - 44 = 0. What is the tens digit of n?
4
Suppose -4*h = 17 - 49. Let z(m) = -8*m - 5. Let o be z(h). What is the units digit of o/(-6) - 1/(-2)?
2
Let x be 1*3 - (0 - 6). Suppose 2*i - i = -x. What is the units digit of (-3)/i - (-116)/12?
0
Let w = -86 - -232. What is the tens digit of w?
4
Suppose 407 + 305 = 8*i. What is the units digit of i?
9
Let p = 14 + -12. Let b = 17 + p. What is the units digit of b?
9
Let l(w) = -2*w**2. Let d be l(-1). Let b = 1 - d. What is the units digit of 7 + 1*(b + -3)?
7
Let n(w) = 3*w**2 - w. What is the units digit of n(3)?
4
Let n(d) = -20*d - 13. What is the tens digit of n(-9)?
6
Let n be 130/6 + 9/27. Suppose n = 2*b - 6. What is the tens digit of b?
1
Suppose 4*l = -3*x - 15, -5*l + 27 = -4*x + 7. Let f be (-3)/(-1 + -2) + l. Suppose 0 = 3*q - 2*q - f. What is the units digit of q?
1
Let l(d) = -d + 1. Let m(x) = x - 4. Let t(z) = -2*l(z) - m(z). Let j be t(6). Let b = j + -3. What is the units digit of b?
5
Suppose b - a = 2*a + 16, -2*a = 4*b - 8. Suppose -2*y - 2*f = 3*f - 12, b*f - 7 = y. What is the units digit of y?
1
Let d(q) = -q**2 + 8*q - 4. Suppose -4*p - 34 = -2*o, -2*o - 2*o + 5*p = -53. Let w be d(o). Let b(m) = m**3 - 2*m**2 + 3*m - 3. What is the tens digit of b(w)?
1
Let m(s) = s**3 - 7*s**2 - 7*s + 17. What is the units digit of m(8)?
5
Suppose -5 = -4*j + 19. What is the units digit of ((-69)/j)/((-1)/2)?
3
Let u = -3 - -6. Let l be u/15 + 48/10. Suppose 0 = -a + 3, -2*b - b + 21 = l*a. What is the units digit of b?
2
Let l be (-642)/42 + (-2)/(-7). What is the tens digit of l/(-2)*2 + -3?
1
Let n(v) = 6*v + 2*v**2 - 5*v - 3*v + 0*v**2 - 1. Let l be n(-1). What is the units digit of (1/4)/(l/12)?
1
Let m(w) = w**2 - 9*w + 14. Let d be m(7). Let n = 8 + -20. Let b = d - n. What is the units digit of b?
2
Suppose -4*y - 2*c + 22 = 0, 4*c = -y + 5*y + 8. What is the units digit of 39/6*(y + -1)?
3
Suppose 20 = 2*i + 2*i. Suppose -5*m + 3*j + 8 = 2*j, 0 = m + i*j - 12. What is the units digit of m?
2
Let n = 41 + -29. What is the units digit of n?
2
Let f = 30 - 12. Let l = f + 33. What is the units digit of l?
1
Suppose -5*s - 2*p - 764 = 0, 4*s + 618 = -0*s - 5*p. What is the tens digit of s/(-6) - 4/(-6)?
2
Let f be (-1)/(-3) + 1/(-3). Let j(c) = -6*c + 6. Let y(w) = -5*w + 6. Let m(a) = -4*j(a) + 5*y(a). What is the units digit of m(f)?
6
Suppose -o + 3 = -14. Suppose 0*a + 5*j = 3*a + o, -19 = 4*a - 3*j. What is the tens digit of ((-68)/a)/(1/1)?
1
Let j be (1*-9 + -1)/(-2). Let o = j - 3. Suppose 24 - 58 = -o*z. What is the units digit of z?
7
Let w(r) = -3*r - 3. Let c be w(-6). Let u = c + -6. What is the units digit of u/15 + (-4)/(-10)?
1
Let w(o) = -8*o - 1. Let f be -1*2/(-1 - 1). Suppose -2*v - 1 = f. What is the units digit of w(v)?
7
Let x(m) = 22*m - 18. Let v(q) = 9*q - 7. Let c(t) = 12*v(t) - 5*x(t). Let b be c(6). Let w = b + 8. What is the units digit of w?
2
Let a be (-6)/9 - 62/(-3). What is the units digit of (a/16)/(2/8)?
5
Let q be (-4)/(((-24)/196)/3). Suppose r = -6*r + q. What is the tens digit of r?
1
Let o be (-68)/6 - 18/27. Let y = 18 + o. Let b = y - -11. What is the tens digit of b?
1
Let h(q) be the first derivative of q**5/60 + q**4/12 + 2*q**3/3 - q**2/2 + 2. Let m(f) be the second derivative of h(f). What is the tens digit of m(-4)?
1
Let w(q) = -q**3 + 2*q**2 + 6*q - 4. Let s be w(4). What is the tens digit of (-1 + s)*(-10)/5?
2
Suppose -v - 183 = 2*v. Let w = -39 - v. What is the units digit of w?
2
Let w(s) = -2*s**2 + s. Let y be w(-1). Let z(c) = -8*c + 1. What is the units digit of z(y)?
5
Let f be ((-8)/(-2))/(0 + 2). Suppose 0 = -3*c - 5*l + 77, 0 = -2*c + f*l + l + 45. What is the units digit of c?
4
Let z = 60 - 27. What is the tens digit of z?
3
Suppose q + 22 = 5*f, -3*q = -2*q + 2. Suppose j + f*j = 0. What is the tens digit of (22 + j)/(1 - -1)?
1
Let g be (-1)/4 - 1/(-4). Suppose g = -3*r + 7*r - 28. What is the units digit of r?
7
What is the units digit of ((-45)/20)/((-4)/64)?
6
Let f(k) = 88*k + 5. What is the units digit of f(2)?
1
Let r(h) = 2*h + 9. Let q be r(-7). Let v be (6/q)/((-6)/(-15)). What is the units digit of ((-6)/9)/(1/v)?
2
Suppose -20 = j + 4. Let x = j + 53. What is the units digit of x?
9
Let x(z) = 3*z**3 - 2*z + 1. What is the units digit of x(1)?
2
Let m(y) be the third derivative of y**2 - 1/6*y**3 + 1/8*y**4 + 0*y - 1/120*y**6 + 0 - 1/60*y**5. What is the units digit of m(-3)?
8
Let u(a) = 5*a**2 - a. What is the units digit of u(-6)?
6
Let h(u) = -u**3 + 8*u**2 - 5*u + 6. What is the units digit of h(5)?
6
Let p = -157 + 268. Let a = p - 66. What is the tens digit of a?
4
Let i(m) = m + 1. Let b be i(1). Let u = b - -2. Suppose -u*q - q = -40. What is the units digit of q?
8
Let z(y) = 4*y**2 + 2*y - 1. Let w be z(-2). Let q = 21 - 20. Let r = q + w. What is the units digit of r?
2
Let a(d) = -3*d - 3. What is the tens digit of a(-6)?
1
Let b(c) = 5*c**2 - c - 1. What is the tens digit of b(-3)?
4
Suppose -36 = 4*i - 2*a, -i = -2*a + 8 + 4. Let g(d) = -5*d + 1. What is the tens digit of g(i)?
4
Suppose -437 = -4*x + 287. What is the units digit of x?
1
What is the tens digit of (-9)/(-15) - 944/(-10)?
9
What is the tens digit of (2 + -5)*((-388)/3)/4?
9
Let f(g) = 6*g + 4. Let j be f(-5). Let n = -14 - j. What is the tens digit of n?
1
Suppose -2*n + 6*p = p + 14, -3*n - 3*p + 21 = 0. Suppose -3*l = -n*t - 27, 2*t - 2 = -3*l - 5. Let k = -4 - t. What is the units digit of k?
2
Suppose -v + 101 + 71 = 0. What is the tens digit of v?
7
Let r(y) = 0*y**2 + 7 + 3*y**2 - 2*y**2 - 6*y - 1. What is the units digit of r(6)?
6
Let t(c) = 21*c**2 - c - 2. What is the hundreds digit of t(3)?
1
Let k(j) = j - 1. Let s(y) = 4*y**2. Let t be s(1). Suppose u + 33 = 5*u - 5*a, -t*u = 3*a + 7. What is the units digit of k(u)?
1
What is the tens digit of (-50)/(-5)*48/40?
1
Suppose 0*w - 2*w = -4*v, -2 = v - w. Suppose -3*f = -v*f. Suppose f = 3*a + 11 - 50. What is the units digit of a?
3
Let q(b) = b**3 + b**2 - b + 10. What is the tens digit of q(0)?
1
Let l(w) = -w - 2. Let r be l(-4). Suppose -2*x - r = -28. What is the tens digit of x?
1
Let h(f) = f**2 + 2*f - 1. Let z(v) = v**2 - 2*v + 3. Let q be z(2). What is the units digit of h(q)?
4
Let y(j) = -j**2 + 9*j + 7. Let d be y(6). Suppose -4*z = d - 201. What is the tens digit of z?
4
Let l(h) = 60*h - 19. What is the tens digit of l(3)?
6
Let k be ((-3)/(-5))/((-3)/(-15)). What is the units digit of (7 - (k - 1)) + 1?
6
What is the units digit of 93/6*(-2 - -4)?
1
Let x(t) = t**3 - 13*t**2 + 12*t + 17. Suppose 2*a + a - 36 = 0. What is the units digit of x(a)?
7
Let b = 1 - -1. Suppose 3*i = b + 7. Suppose 1 = i*g - 2*g. What is the units digit of g?
1
Suppose 53 + 10 = 9*o. Suppose -3 = -5*z + 3*l + 1, -5*z - 2*l = -14. What is the tens digit of (20/o)/(z/7)?
1
Let w = 190 - 127. What is the tens digit of w?
6
Let r(k) = k**2 - 6*k - 1. Let b be r(8). Let n = -9 + b. What is the units digit of n?
6
Let y be 2/4*(-3 + 1). What is the units digit of y/(-1) + (-2)/(-1)?
3
Let s(p) = p**